*x - 2*k = -30, -2*x + 40 = 3*k + 6. Suppose 15*o = x*o + 88. What is the remainder when 64 is divided by o?
20
Suppose -19 - 42 = -w. Calculate the remainder when w is divided by 35 + (4 - -1) - 9.
30
Let t(u) = -u**3 + 18*u**2 + 19*u + 19. What is the remainder when 74 is divided by t(19)?
17
Let x = -5 - -14. Suppose 0 = -5*g + 7*g + 5*q - 29, 3*q - 31 = -2*g. Calculate the remainder when g is divided by x.
8
Let m be -3*(-7)/(-12) + 9/12. Let c(r) = -8*r. Calculate the remainder when 62 is divided by c(m).
6
Let b(u) = -5*u. Suppose 4*h - 9 = 3*h. Calculate the remainder when b(-6) is divided by h.
3
Suppose 15*k = -0*k + 4065. Suppose 2*b = k + 15. Calculate the remainder when b is divided by 18.
17
Suppose -2*l - 2*i = -30, -l - 3*i + 0 + 7 = 0. What is the remainder when l is divided by 13?
6
Let m = -12 + 23. Let y = m - 10. Let j(h) = -h**2 + 5*h - 3. What is the remainder when j(2) is divided by y?
0
What is the remainder when 129 is divided by (-7 + 1)*(-34)/3?
61
What is the remainder when 2/19 + (-19635)/(-285) is divided by 12?
9
Let y(c) = 8*c**2 - 25 + 7*c - 32*c - 15 - 9*c**2. Calculate the remainder when y(-17) is divided by 49.
47
Let w(c) = c**2 - 6*c + 4. Let d be w(-8). Let m(k) = k + 25. What is the remainder when m(-7) is divided by d/12 + 1/3?
8
Suppose -5*r - 21 = -3*t + 14, 0 = 3*t - r - 19. Let y be t - (3 + 0 + 0). Calculate the remainder when 1/y*(-1926)/(-9) is divided by 27.
26
What is the remainder when (-4)/(-4) - 4*-8 is divided by (-3)/27 - 872/(-72)?
9
Suppose 3*p - 3 = 3*m, -4*p + 3*p = 4*m + 4. Calculate the remainder when 67 is divided by (-24 - -24) + 11 + m.
7
Let f = 6 + 1. Let o = 31 + f. Let g(p) = 19*p**3 + 2*p**2 - p. What is the remainder when o is divided by g(1)?
18
Suppose -h = 2*f + 5 + 48, 5*f + 59 = -h. Let a = h - -76. Calculate the remainder when a is divided by 7.
6
Suppose -4*k - 144 = 24. Let m = k + 78. What is the remainder when 142 is divided by m?
34
Let v(a) = 3*a**3 - 4*a**2 - 5*a + 14. Let r be v(3). Suppose r = -15*p + 494. Calculate the remainder when 2/(-1 + 2) - -57 is divided by p.
29
Let c(u) = -u**3 - 39*u**2 + 123*u - 104. Calculate the remainder when 40 is divided by c(-42).
18
Suppose 2424 = 9*u - 1842. What is the remainder when u is divided by 61?
47
Let i(s) = -10*s - 25. Let f be i(-7). Let c = -38 + f. Calculate the remainder when 33 is divided by c.
5
Let v = -16 + 16. Suppose v = 2*w + w - 144. What is the remainder when 1/((-3)/(w/(-4))) is divided by 3?
1
Let r = -5 + 9. Suppose 3*c = -r*o + 473 - 74, 4*c - 499 = -5*o. Suppose 2*j + j = -4*x + o, 5*x + 66 = 2*j. Calculate the remainder when j is divided by 9.
6
Suppose -371 = -9*m - 74. Calculate the remainder when (-6)/(-2) - (-79 - 9) is divided by m.
25
Let d(n) = 143*n**2 + 1. Let c be d(-1). Let q = c + -89. Calculate the remainder when q is divided by (-2)/6 + (-174)/(-9).
17
What is the remainder when (-38)/(-4)*(-6)/(-39)*13 is divided by 19?
0
Let y be (4/6 + -1)/((-32)/23712). Suppose -y = -3*c + 245. What is the remainder when c is divided by 42?
38
Let y(k) = k**3 - 5*k**2 - 5. Suppose 2*z - 4*z = 0. Suppose o + o + 5*u - 36 = z, 4*u + 8 = 3*o. What is the remainder when y(6) is divided by o?
7
Suppose 4 = 4*o, -o = h - 5*o - 60. Suppose -4*f - h = -4*r, 0*r = 2*r - f - 31. Calculate the remainder when 55 is divided by r.
10
Calculate the remainder when 1011 is divided by 1/(-33)*-6 + 128/22.
3
Let q be -27 + (-2 - 0) + -2. Suppose s + 3*d - 80 = -2*d, s - 80 = -d. Let a = s + q. Calculate the remainder when a is divided by 17.
15
Let o be -1*(-3)/(-3)*(-2 + 0). Suppose 3*x = -2*w - o*w + 10, 18 = 4*w - x. What is the remainder when 15 is divided by w?
3
Let y(c) = 67*c**3 + 0*c**2 + 1 - 66*c**3 - 3*c**2 + 0*c**2 - c. What is the remainder when y(5) is divided by 12?
10
Let r be 3/(6/(-2))*1. Let m(n) = 4*n**2 - 1. Let a be m(r). Calculate the remainder when 18 is divided by -1 + -1 + 4*a.
8
Suppose -5*z = -2*z + 3*k - 252, 2*k = z - 87. Let g be 502/8 - 24/(-96). Suppose -2*b + g - 5 = 0. What is the remainder when z is divided by b?
27
Suppose -207 - 93 = 10*v. Let g = -32 + 18. Let c = g - v. Calculate the remainder when 29 is divided by c.
13
Suppose 0 = 16*v + 8*v - 1560. Calculate the remainder when v is divided by 17.
14
Let y = -4 - -7. Calculate the remainder when 0 - 0 - (-4 - 0) is divided by y.
1
Let m(r) = -r**3 + 9*r**2 + 10*r + 4. Let o be m(10). Suppose -o*f + 75 = f + 3*q, 4*f - 2*q - 82 = 0. Calculate the remainder when f is divided by 7.
4
Let l(v) = v**2 - 5*v - 20. Calculate the remainder when l(-6) is divided by 7.
4
Let m(k) = -k**3 + 8*k**2 + 7*k - 16. Let u(s) = s**2 + 3*s - 11. Let v be u(-6). What is the remainder when m(v) is divided by 21?
19
Suppose 4*s - 143 = -5*t, t + s - 15 = 13. Suppose -3*x = 5*q - 79, 4*x - q = -4*q + 87. What is the remainder when t is divided by x?
13
Suppose 4*c - 10 = 5*x, -c + 1 = -3*x + 2. Let p(s) = 2*s**3 - 5*s**2 + s + 5. What is the remainder when p(c) is divided by 46?
43
Let z = 201 - 287. Calculate the remainder when 15/(-36)*z + (-5)/(-30) is divided by 10.
6
Let q(n) = 2*n**3 - 2*n**2 + 0 + n - 4*n + 2. Let w(z) = z**3 - 8*z**2 + 8*z + 39. What is the remainder when w(6) is divided by q(2)?
3
Let n(t) = 3*t - 12. Let l be n(4). What is the remainder when (12 - 43)*(-1 + l) is divided by 12?
7
Suppose 4*b - 131 - 145 = 0. Let p be 4/4 + -3 - -4. Suppose -p*v - 96 = -6*v. What is the remainder when b is divided by v?
21
Let l(q) = q**3 + q**2 - 3*q - 4. Let u = 837 + -825. What is the remainder when l(5) is divided by u?
11
Suppose -4*z = -2*q - 88 + 4, 115 = 5*z - 5*q. Suppose -7*n + z + 44 = 0. Calculate the remainder when 89 is divided by n.
8
Let x(b) = -111*b - 1. Suppose -7*s + 2 = 9. What is the remainder when x(s) is divided by 28?
26
Calculate the remainder when (25/(-20))/((-8)/1120) + -7 is divided by 82.
4
Calculate the remainder when (491/5 - -1) + 3/(-15) is divided by 34.
31
Suppose -2*u = 8, 5*u = -2*a + a + 120. Suppose 0*v + 5*v - 295 = -2*y, y + 4*v = a. What is the remainder when y is divided by 23?
22
Calculate the remainder when 4*9/(180/130) is divided by 15.
11
Let a = -6 - -2. Calculate the remainder when ((-1)/2)/(a/224) is divided by (30/4)/(-1)*(1 + -3).
13
Suppose 5*k = -10, -5*a + 5*k + 0*k = 65. Let t = 44 + 4. What is the remainder when t is divided by a/30 + (-7)/2 + 21?
14
Suppose -6*r + 11*r = 20. Calculate the remainder when 4 is divided by r.
0
Calculate the remainder when (-279)/(-1)*(91/(-21) - -5) is divided by 21.
18
Suppose 4*h = -s + 46, -5*s + h + 92 = -3*s. Suppose 5*r = 2*d + s, -2*r + 4*d = -0*r - 28. What is the remainder when 21 is divided by r?
5
Suppose -97 - 703 = -8*r. Let q = r + 28. What is the remainder when q is divided by 33?
29
What is the remainder when ((-6000)/18)/(-4) + 5/(-15) is divided by 1 - (1 + -30) - 2?
27
Let d = 68 - 27. Suppose 5*i = -7 + 77. What is the remainder when d is divided by i?
13
Let s = -83 + 129. What is the remainder when 69 is divided by s?
23
Suppose -41*v + 18*v + 1127 = 0. Calculate the remainder when v is divided by 20.
9
Let w = -84 + 88. Let i = w - -2. Calculate the remainder when 10 is divided by i.
4
Let f(c) = -c**3 - 10*c**2 + 25*c + 35. Let m = 0 - -1. Calculate the remainder when f(-12) is divided by 24*m*2/4.
11
Let t(v) = v**3 + 3*v**2 + 3*v**2 - 5 - 7*v**2 - 6*v**2 + 2*v. Let k be t(8). Suppose 0 = -0*s + 5*s - k. What is the remainder when 57 is divided by s?
12
Let t(s) = -s - 11. Let z be t(-16). Suppose -z*y + 2*w + 189 = 0, -2*w = y - 20 - 25. What is the remainder when 154 is divided by y?
37
Let l(j) = -j - 9. Let u be l(-7). Let g = 9 + -6. What is the remainder when 2 + (5 - (-1 + u)) is divided by g?
1
Suppose c + g = 37 - 1, -5*c + 5*g = -170. What is the remainder when c is divided by 18?
17
Suppose -16*h = -13*h - 45. Let s(j) = j - 3. Let g be s(6). Calculate the remainder when h is divided by 4/g*6/2.
3
Let t be 3 + 32 - 4 - 4. Suppose 4*j = -t + 95. Calculate the remainder when j is divided by (3/4)/((-6)/(-48)).
5
Let h(f) = -7*f - 9. Let u be h(0). Calculate the remainder when ((-123)/u)/(2/6) is divided by 14.
13
Let y be (-2 - -2)/((-3)/(-3)). Suppose y*x = 2*x + 66. Let b = x + 42. Calculate the remainder